and 30627306?
18
Calculate the highest common divisor of 688 and 642538.
2
Calculate the highest common divisor of 184 and 83800.
8
Calculate the greatest common divisor of 39009546 and 14775.
591
Calculate the greatest common divisor of 168 and 689094.
42
Calculate the highest common factor of 10356060 and 19360.
220
What is the greatest common factor of 401421 and 152949?
51
Calculate the greatest common factor of 7051 and 157291785.
641
What is the greatest common divisor of 1089590 and 1270?
10
What is the greatest common factor of 928 and 278941952?
928
Calculate the highest common factor of 5323948 and 84.
28
Calculate the greatest common divisor of 4940280 and 10.
10
What is the greatest common factor of 4015 and 260095?
55
Calculate the greatest common divisor of 6325 and 7421962.
23
What is the greatest common divisor of 4908 and 2312016?
12
Calculate the highest common divisor of 2288270 and 628130.
230
Calculate the highest common factor of 114840633 and 1884.
471
What is the greatest common divisor of 2344 and 140357548?
1172
What is the highest common factor of 1824543 and 1029?
21
What is the greatest common divisor of 207870 and 57018?
78
Calculate the highest common factor of 14435216 and 48.
16
Calculate the highest common divisor of 5025 and 77190700.
1675
What is the greatest common divisor of 784 and 2484104?
392
Calculate the greatest common divisor of 864 and 59048046.
18
What is the highest common factor of 3529858 and 1805?
361
Calculate the highest common factor of 60 and 142311930.
30
What is the highest common divisor of 1526040 and 24?
24
What is the greatest common divisor of 145 and 66768005?
145
Calculate the highest common factor of 84 and 2326704.
12
Calculate the greatest common factor of 2212114 and 2756.
106
What is the highest common divisor of 10407293 and 5083?
299
What is the highest common factor of 79677 and 4173?
39
What is the highest common divisor of 236 and 286209?
59
What is the greatest common divisor of 2123325972 and 27162?
9054
Calculate the greatest common divisor of 2102 and 119707849.
1051
Calculate the highest common factor of 336 and 74447100.
84
What is the greatest common divisor of 300 and 7398675?
75
Calculate the highest common divisor of 5960 and 25859248.
1192
Calculate the highest common factor of 20852825 and 350.
175
What is the highest common factor of 14 and 5893433?
7
What is the highest common factor of 4341476 and 492?
4
Calculate the greatest common divisor of 10420 and 44780.
20
Calculate the greatest common factor of 2529 and 31867929.
2529
What is the greatest common factor of 7342951 and 517?
517
Calculate the greatest common factor of 305696977 and 611.
47
What is the greatest common divisor of 10284252 and 13332?
132
What is the greatest common factor of 15524288 and 26?
26
What is the greatest common factor of 12614 and 153029338?
742
Calculate the greatest common divisor of 319468 and 240.
4
Calculate the highest common factor of 55710769 and 3106.
1553
Calculate the highest common factor of 645192 and 65232.
216
Calculate the highest common factor of 2891783 and 5537.
113
Calculate the greatest common divisor of 199 and 170683892.
199
Calculate the highest common factor of 991137 and 105652.
433
What is the greatest common divisor of 11737 and 2984399?
1067
Calculate the greatest common factor of 7028697 and 65.
13
Calculate the highest common factor of 18 and 100208277.
9
Calculate the highest common divisor of 813048 and 9.
3
What is the highest common divisor of 10860 and 65868615?
2715
What is the highest common factor of 88633993 and 6517?
931
Calculate the greatest common factor of 1816 and 748618306.
454
What is the greatest common factor of 145678 and 74132?
862
What is the greatest common divisor of 23 and 58100047?
23
What is the greatest common divisor of 31196970 and 220570?
1610
Calculate the highest common factor of 74 and 130528378.
74
Calculate the greatest common factor of 8203193 and 22116.
1843
Calculate the highest common factor of 4589 and 127283.
13
What is the highest common divisor of 6051762 and 1598?
34
What is the greatest common divisor of 18 and 1487562?
6
What is the highest common factor of 3361709 and 1421?
29
What is the greatest common divisor of 42 and 1106762034?
42
What is the greatest common divisor of 9253475 and 51359?
1771
Calculate the highest common factor of 35767 and 44039.
47
Calculate the highest common divisor of 3080 and 397052260.
220
What is the greatest common factor of 8022 and 451542?
42
Calculate the greatest common factor of 271911 and 3029.
233
What is the highest common factor of 21494 and 1791818?
1954
What is the highest common factor of 14040 and 169416?
936
Calculate the greatest common factor of 8308465 and 4235.
605
Calculate the greatest common divisor of 1444293 and 3009258.
3771
Calculate the greatest common factor of 4887 and 261452871.
1629
What is the greatest common divisor of 26768682 and 2736?
342
What is the greatest common divisor of 1054893449 and 1838?
919
What is the greatest common divisor of 23582 and 598?
26
What is the highest common divisor of 1088 and 128180?
68
What is the highest common factor of 10023 and 141492?
39
Calculate the highest common factor of 228 and 44459031.
57
Calculate the greatest common factor of 2343282 and 162.
6
Calculate the highest common factor of 462 and 24376982.
14
What is the greatest common factor of 16860030 and 1254?
1254
What is the highest common divisor of 7557 and 159423?
33
What is the highest common divisor of 527210 and 55?
5
What is the greatest common divisor of 1142763 and 2384103?
3651
Calculate the highest common divisor of 1176 and 658107828.
588
What is the greatest common factor of 328842297 and 13797?
4599
What is the highest common factor of 2792 and 105479317?
349
What is the highest common divisor of 1585548420 and 5820?
5820
What is the highest common factor of 21606675 and 3500?
25
Calculate the greatest common factor of 1386 and 457116660.
1386
Calculate the highest common factor of 312064 and 12667.
53
What is the greatest common divisor of 834863332 and 292?
292
What is the highest common divisor of 8034447 and 9?
3
What is the highest common divisor of 20282677 and 27467?
227
Calculate the greatest common factor of 18070558 and 1976.
38
What is the greatest common factor of 2063198 and 88576?
346
Calculate the greatest common divisor of 1413125 and 76874.
2261
Calculate the highest common factor of 996607 and 95.
19
Calculate the greatest common divisor of 4005 and 277575.
15
What is the greatest common factor of 9124323 and 1209?
1209
Calculate the highest common factor of 3546 and 10965414.
1182
What is the greatest common factor of 5180 and 105980?
140
Calculate the highest common divisor of 2217861 and 369.
9
Calculate the highest common divisor of 13950056 and 937.
937
What is the greatest common factor of 240 and 47264180?
20
Calculate the greatest common factor of 10959207 and 19089.
2121
Calculate the greatest common divisor of 203757824 and 32.
32
What is the greatest common divisor of 11287125 and 48585?
1185
Calculate the greatest common factor of 14515115 and 5.
5
Calculate the highest common factor of 2981 and 13580081.
271
Calculate the greatest common factor of 78592308 and 54613.
4201
Calculate the greatest common factor of 131763 and 56613.
501
What is the greatest common divisor of 2064 and 261354?
258
What is the highest common factor of 7957 and 16644?
73
What is the highest common factor of 6732 and 336634?
34
What is the highest common factor of 42 and 258606?
6
What is the highest common divisor of 11570 and 41405390?
130
Calculate the highest common divisor of 140 and 13236335.
35
Calculate the highest common divisor of 5898 and 87366.
6
Calculate the greatest common divisor of 2932917 and 10059.
1437
Calculate the highest common factor of 6171 and 93619.
17
Calculate the greatest common factor of 21036522 and 1677.
39
Calculate the greatest common divisor of 732498 and 2166.
6
Calculate the highest common divisor of 158781397 and 7498.
3749
What is the greatest common factor of 20976 and 2902692?
276
Calculate the highest common factor of 31392186 and 854.
854
What is the highest common factor